(-3 + 4)*-3. What is the units digit of o/(-6)*2*-13?
9
Let p be ((-1)/(-2))/((-2)/(-44)). Let o = p - 1. What is the units digit of o?
0
Suppose -4*y + 150 = 2*j, 3*j - 164 = -5*y + 21. What is the tens digit of y?
4
Let j = -7 + 9. Suppose x + 5 = j*x + 3*y, -5*x = 5*y - 25. What is the units digit of x?
5
Suppose a - 26 = -3*a - 5*u, 4*u + 8 = 4*a. Let k = 8 + -2. Suppose -a = s - k. What is the units digit of s?
2
Suppose -p - 2*m = 3*m - 6, -m + 39 = 2*p. What is the tens digit of (-10)/35 + 741/p?
3
Let y be ((-39)/(-52))/((-3)/(-8)). Suppose 0 = y*l - 13 - 9. What is the tens digit of l?
1
Let u be 5/10 + 10/(-4). Let y = 7 - u. What is the units digit of y?
9
Suppose 5*f - 11 + 1 = 0. What is the units digit of f?
2
Let v = 0 + 0. Suppose -48 = -v*q - 4*q. What is the tens digit of q?
1
Suppose -4*s - 227 = -3*j, 5*j + 2*s - 332 = j. What is the units digit of j?
1
Let i be 5*(6/(-15) - -4). Suppose -w + 15 = 4*k, -2*w + i = -4*k - 24. What is the tens digit of w?
1
Let y = -20 + -168. What is the units digit of 2/8 + y/(-16)?
2
Let p be (4/(-10))/(4/(-60)). What is the units digit of p - (-3)/(-6 - -3)?
5
Let y be (10/6)/1*9. What is the units digit of 246/10 + 6/y?
5
Let x = 24 - 4. Suppose 3*v + 3*z - 3 = 39, -v - 3*z + x = 0. What is the units digit of v?
1
What is the tens digit of 7/(28/12) - -135?
3
What is the tens digit of 1/5 + 98/10?
1
Suppose 7*v - 1039 = 998. What is the hundreds digit of v?
2
Suppose -3*d - 4*f + 6 = -21, 21 = 3*d + 2*f. Suppose 0 = d*g - 28 - 2. What is the units digit of g?
6
Suppose -5*d + 6*q = q + 20, 3*q = 12. Suppose -o - o + 8 = d. Suppose -24 = -4*y - o. What is the units digit of y?
5
Let x(w) = 7*w**2 - 11. Let u(m) = 3*m**2 - 5. Let n(p) = 5*u(p) - 2*x(p). Let j be n(0). Let b(t) = t**2 + t. What is the units digit of b(j)?
6
Suppose 4*l - 38 = l + 4*w, -l = 3*w + 9. Suppose -l*k + 125 = -k. What is the tens digit of k?
2
Let y(f) = -7*f - 14. What is the tens digit of y(-6)?
2
What is the tens digit of ((-20)/16)/(-5) + (-1077)/(-12)?
9
Let q(f) = -f**2 + 11*f + 9*f**2 - 3*f**2 - f**3 + 4*f**2 - 1. What is the units digit of q(10)?
9
Let r(v) = -v**3 + v + 64. What is the units digit of r(0)?
4
Let a = -2 - -4. Suppose b = a*x + 2, -3*x - 2 - 3 = -2*b. What is the units digit of (-30)/b*(-2 - 0)?
5
Let b = 182 + -99. What is the units digit of b?
3
Let w = 5 - -1. Let g be 10/w + (-1)/(-3). Suppose 0 = g*f - 6, 0 = -2*q + f - 5 + 4. What is the units digit of q?
1
Let t = -3 - -14. Suppose -2 - 9 = x + a, -4*a - 37 = 3*x. Let l = t + x. What is the units digit of l?
4
Suppose -2*n - 2 + 15 = k, 2*k = -5*n + 27. Let g = 17 - k. What is the tens digit of 7 - g - (-18)/2?
1
What is the units digit of (-4)/6*(-2682)/(-12)*-1?
9
Suppose 0 = n - 14*n + 1417. What is the hundreds digit of n?
1
What is the units digit of 13 - 0 - (5 - 49/7)?
5
Let y = -23 + 27. Suppose 2*o = y, -o + 3*o = -5*h + 234. What is the tens digit of h?
4
Suppose 64 = 2*t + 18. What is the tens digit of t?
2
Let q = -7 - -14. Let m(g) = 12*g - 4. Let s be m(q). Suppose -5*t + s + 5 = 0. What is the tens digit of t?
1
Let z(y) = -4*y**2 - 2*y**2 - y**2 - 2*y - y**3 - 9. Let i be z(-7). Suppose 0 = 4*t + 12, -3*t + 18 = i*u - 4*t. What is the units digit of u?
3
Let s = -5 + 7. Suppose 4*g - 8 = 4. Let o = g - s. What is the units digit of o?
1
Let r(s) = s**3 - 4*s**2 + 14*s - 2. What is the units digit of r(8)?
6
Let s(h) = -3*h - 4. Let u be -4 - -2 - (3 - 2). Let j be s(u). Suppose 2*c + 8 = -0*w - 4*w, -11 = 2*c + j*w. What is the units digit of c?
2
Let w = 130 - -239. What is the units digit of w?
9
Suppose 160 = -0*d + 2*d. Suppose z + d = 6*z. What is the units digit of z?
6
Suppose 0 = -3*i + 5*b + 4 + 15, -b = 2*i - 4. Suppose 77 = 3*u + 2*o, i*u - 5*o = -u + 95. What is the units digit of u?
5
Suppose 0 = 10*x + 2*x - 2496. What is the tens digit of x?
0
Suppose -2*j + 57 = 2*x - 5*j, 59 = 2*x - j. What is the units digit of x?
0
Let y be -2 + (-2 - -83)/3. Let a = 34 - 51. Let r = a + y. What is the units digit of r?
8
Let k be 50/3*(-21)/(-14). Let t = -12 + k. What is the units digit of t?
3
Let p(l) = l**2 - 10*l + 8. Let f be p(10). Let b = 16 - f. What is the units digit of b?
8
Let g = -15 - -4. Let n = 17 + g. What is the units digit of n?
6
Suppose -37 = 4*d - 5*b + 66, -4*b - 139 = 5*d. Let m = -4 - d. What is the units digit of m?
3
Let j(y) = -y**3 + 11*y**2 + 10*y - 37. What is the tens digit of j(11)?
7
What is the units digit of 3/(-1) + (-494)/(-13)?
5
Suppose c + 0*c = 4*o - 19, c = 3*o - 13. Suppose -4 = -p + 2*s, o*p = 3*p - s + 40. What is the units digit of p?
2
Let u(y) = y - 9. What is the units digit of u(17)?
8
Let l(t) = t**3 + 3*t**2 - 5. What is the hundreds digit of l(4)?
1
Suppose 0*s = s - 5*q + 6, 2*q - 48 = -2*s. Suppose 0 = 3*a - s + 7. What is the units digit of a?
4
Let r be (-12)/(-42) + (-80)/(-14). Let y(w) = w**2 - 5*w + 6. What is the units digit of y(r)?
2
Let i(l) be the first derivative of 5/2*l**2 + 1 + 2*l. What is the tens digit of i(2)?
1
Let v = 15 - 6. Let b = v + -6. What is the units digit of b?
3
Suppose -2*i = -4*i - 12. Let f = 3 - i. What is the units digit of f?
9
Suppose 4 = 2*m - 2*j - 0, 4*m - j - 17 = 0. Suppose 0 = -2*r + 7 + 1. Suppose -16 = 4*d, m*d + 11 = -r*i + i. What is the units digit of i?
3
Suppose -r + 2 = -2. Suppose -3*w + 58 = l, 5*w = -r*l + 129 - 30. What is the tens digit of w?
1
Suppose -12 = -0*b + 4*b, 48 = i - 2*b. What is the tens digit of i?
4
Suppose -2*c - q = -0*c + 36, 3*q = -2*c - 28. Let b = c + 10. What is the units digit of 1/(2 + b/6)?
3
Let x(s) = -s**3 + s**2 + 2*s - 1. What is the units digit of x(1)?
1
Let l(k) = k**2 + 5*k**2 - 6 - 4*k + 3*k**2 + 2. What is the tens digit of l(-2)?
4
Let m = 135 + 20. What is the hundreds digit of m?
1
What is the tens digit of 1/(4/(-19))*-4?
1
What is the tens digit of (8 - -8) + 1*-3?
1
Suppose -o - 5*x = -x - 94, 2*o - 194 = -2*x. What is the units digit of o?
8
Let b(n) = n + 2. Let y be b(2). Suppose 0 = 2*v - y, 6*t = t - v + 7. What is the units digit of t?
1
Suppose 0 = -5*o + 3*j + 183, -5*o + 51 + 148 = j. Let p = o + -11. What is the units digit of p?
8
Let o(m) = 11*m + 8. What is the tens digit of o(4)?
5
Let o = -67 - -99. Suppose -6*g + 5*g = -o. Let f = g + -22. What is the tens digit of f?
1
Let v be (-1)/(2*(-2)/136). Suppose 3*j = d - 58, -5*j + d - 66 - v = 0. What is the tens digit of j/(-2)*(-8)/(-6)?
1
Let r(f) = -f**2 - 4 + 5*f - f + 3*f. Let d be r(6). Suppose 3*i - d = 10. What is the units digit of i?
4
Let c(v) = -24*v - 1. What is the units digit of c(-1)?
3
Let r(b) be the second derivative of -1/6*b**3 + 0 + 4*b**2 - b. What is the units digit of r(4)?
4
Suppose 2*p = -h - 2 + 27, -3*h + 5 = -p. What is the units digit of p?
0
Suppose -3*w = -8 + 2. Suppose -w*r + 4*v = 0, v = 4*r + 2*v - 18. Suppose 0 = -r*l - 5*t + 20, 4*l = -0*l - t + 20. What is the units digit of l?
5
Suppose 0 = c - 0 - 3. Suppose -24 = -5*s + d + 45, -3*d - 51 = -c*s. Let m = 8 + s. What is the tens digit of m?
2
Suppose -12 = 3*f + 5*k - 75, 0 = 2*f - 2*k - 26. What is the units digit of f?
6
Let r(z) = -z**3 + 7*z**2 + 8*z + 6. Let p = 6 + 2. Let o be r(p). What is the units digit of (4/o)/((-2)/(-24))?
8
Let o = -11 - -15. Suppose o*p = -1 - 27. Let z = -3 - p. What is the units digit of z?
4
Let o(h) = 3*h**2 - 2*h + 1. Let m be o(1). Suppose -4*y = -i + 37, 3*i = 4*y - m*y + 11. What is the units digit of (4 + -29)*4/y?
0
Let q(g) = g**2 + 16*g + 14. Let l be q(-14). Let x be (-19)/(-7) - 4/l. Suppose 6*u - 47 = x*u + 2*i, 4 = -4*i. What is the units digit of u?
5
Let i be 0*(0 - 1)/1. Suppose j = 15 - i. What is the units digit of j?
5
Let v(f) be the first derivative of -f**4/2 - f**3/3 + 6*f + 2. Let z(m) = 5*m**3 + 2*m**2 - 12. Let i(u) = 7*v(u) + 3*z(u). What is the units digit of i(0)?
6
Suppose -98 = -3*v - 35. What is the units digit of v?
1
Suppose b + 2*b - 51 = 0. Suppose b = 4*n + f, n + 2*f + f - 18 = 0. What is the units digit of n?
3
Suppose u + 4 = -u. Let i(o) = -2*o - 1. What is the units digit of i(u)?
3
Let v = 346 - -3. What is the hundreds digit of v?
3
Suppose -5*l + 6 = -3*q - 47, 5*q - 46 = -2*l. What is the tens digit of l?
1
Suppose -2 = -x - 3